549
In base 5, what is -1033340 + 124343?
-403442
In base 2, what is -110110111000110000010 - -100?
-110110111000101111110
In base 15, what is 386b608 - -1?
386b609
In base 4, what is -21203 - 2200023?
-2221232
In base 12, what is 2 + -2441b421?
-2441b41b
In base 3, what is -2121201012212 + -100111?
-2121201120100
In base 16, what is -9c2282c + -1?
-9c2282d
In base 7, what is 62345 - -22411?
115056
In base 16, what is -33781e1 + 2?
-33781df
In base 13, what is -113b + -8a9?
-1a17
In base 9, what is 2 + 1471733?
1471735
In base 9, what is 5187 + 67?
5265
In base 14, what is 1 + 11bc9811?
11bc9812
In base 9, what is -450170 + -3?
-450173
In base 13, what is -5b27 + 4772b?
41904
In base 4, what is 10 - 1022011123133?
-1022011123123
In base 5, what is 4 + 12143304234?
12143304243
In base 5, what is 1142312134 - -10?
1142312144
In base 2, what is -100 - -110011011011111010011000?
110011011011111010010100
In base 15, what is -32aa211 + -1?
-32aa212
In base 12, what is 43b2 - -a00a?
12400
In base 6, what is 2011 - -3311552?
3314003
In base 8, what is -320215 + 6?
-320207
In base 13, what is -2 + 4c07872?
4c07870
In base 10, what is 52979 + 243?
53222
In base 8, what is 4145153 + -1314?
4143637
In base 8, what is -3 + -1270161?
-1270164
In base 10, what is 496 - -3154?
3650
In base 9, what is 5133300 - 2?
5133287
In base 16, what is -86 + 85ec?
8566
In base 14, what is 2209da - 2aa?
220730
In base 15, what is 74c42 + 47?
74c89
In base 2, what is 10101111011110100 + -111010100?
10101110100100000
In base 9, what is 6 - -22858264?
22858271
In base 11, what is 120a23 + -173?
120860
In base 8, what is -1464 + -607241?
-610725
In base 6, what is -2441 + 22514?
20033
In base 5, what is -2114111310 - 1?
-2114111311
In base 5, what is 20234 + -2311224?
-2240440
In base 10, what is -2351 - -13316?
10965
In base 13, what is -4 - 67ac3c?
-67ac43
In base 2, what is -10101101101 + -10101010000010?
-10111111101111
In base 10, what is 4801 - 13085?
-8284
In base 10, what is -12662 + -383?
-13045
In base 5, what is 3041140 + -21331?
3014304
In base 11, what is -4 + -150974a?
-1509753
In base 8, what is 2570 - 350135?
-345345
In base 15, what is a2906 + -190?
a2766
In base 6, what is -242 + 153451132?
153450450
In base 11, what is -83a + 4858?
4019
In base 6, what is -225205 - 1341?
-230550
In base 2, what is 1011100101000010 - 1110010000?
1011010110110010
In base 2, what is 101000110111001111 - -111101110?
101000111110111101
In base 10, what is -12659 - 3278?
-15937
In base 4, what is -203220132323 + 2?
-203220132321
In base 11, what is -3013a - -19?
-30121
In base 13, what is -166 - -cc70?
cb07
In base 12, what is -295b6 + 225?
-29391
In base 7, what is 6 - -3136404204?
3136404213
In base 8, what is 4276 - 71276?
-65000
In base 15, what is -40 + 785c?
781c
In base 10, what is 1 - 1498594?
-1498593
In base 6, what is 4445024 - -11?
4445035
In base 11, what is 96 - 754a4?
-75409
In base 9, what is -1376 - -12823?
11436
In base 8, what is 114 - -10377571?
10377705
In base 5, what is -22020112221 - 123?
-22020112344
In base 7, what is -2 + -2455456450?
-2455456452
In base 16, what is -516af7 - 4?
-516afb
In base 3, what is -200012002 - 21?
-200012100
In base 14, what is -140 - -2ac43?
2ab03
In base 14, what is 75 - 3063d4?
-30635d
In base 4, what is 12201331002 + 3112?
12202000120
In base 14, what is -30c9822 + 19?
-30c9807
In base 10, what is 273222 + -57?
273165
In base 6, what is 14011513 + 0?
14011513
In base 3, what is 21020222020 + -120221?
21020101022
In base 10, what is 105562829 - 1?
105562828
In base 7, what is 22463666 - 3?
22463663
In base 15, what is 28194 - -1b8?
2835c
In base 14, what is 9a - 65604?
-65548
In base 14, what is 52 + -3702a?
-36db8
In base 5, what is -10 - -311310122?
311310112
In base 12, what is -95a58 + -198?
-96034
In base 12, what is -5 + 45576?
45571
In base 4, what is -3132013 + -1023103?
-10221122
In base 11, what is -10182726 - 4?
-1018272a
In base 2, what is -110111 - -11011001100011000?
11011001011100001
In base 2, what is 1001010010100111111001110101 - 100?
1001010010100111111001110001
In base 8, what is 1 - -11463706?
11463707
In base 6, what is 4150245252 + -2?
4150245250
In base 9, what is 72 + -138263?
-138181
In base 14, what is 34 - 151053b?
-1510507
In base 10, what is 4 + 6322626?
6322630
In base 5, what is 0 + 2422402040?
2422402040
In base 6, what is -25401523 - 1315?
-25403242
In base 3, what is 100222200 + 1210020?
102202220
In base 10, what is -7175 + -4816?
-11991
In base 16, what is 19 + -f1a8?
-f18f
In base 11, what is -a0866a2 - 1?
-a0866a3
In base 11, what is 1939a65 + -22?
1939a43
In base 5, what is -23 - 2314023130?
-2314023203
In base 2, what is 1100100 + -1011011001001?
-1011001100101
In base 14, what is -9c + -320ba?
-32178
In base 9, what is -2 - -8305610?
8305607
In base 2, what is 1010011101111100011111101 + 11?
1010011101111100100000000
In base 12, what is 88280 + 105?
88385
In base 11, what is -91a + -257a?
-3399
In base 8, what is 123323 - 2767?
120334
In base 8, what is -474643447 + -2?
-474643451
In base 13, what is 452906 - c?
4528c7
In base 10, what is -17723 - 1921?
-19644
In base 13, what is 29c56 + -c7?
29b5c
In base 7, what is -12316211526 - 4?
-12316211533
In base 3, what is -12 + 12020022021220122?
12020022021220110
In base 3, what is 0 + -2211102110221?
-2211102110221
In base 8, what is -512710 + 25?
-512663
In base 2, what is 1001011001001001100 - 100?
1001011001001001000
In base 4, what is 133332112 - 2222?
133323230
In base 5, what is -232 + 1010122002?
1010121220
In base 6, what is -22042 - 234054?
-300140
In base 12, what is 25b + -2699?
-243a
In base 6, what is -120 - -555122323?
555122203
In base 3, what is -2122220202211120 + 10?
-2122220202211110
In base 10, what is -13909287 + 3?
-13909284
In base 3, what is -20222 + 2210101220?
2210010221
In base 13, what is 11502c1 - -2?
11502c3
In base 13, what is 235 + 4c542?
4c777
In base 6, what is -103000242 - 134?
-103000420
In base 2, what is 101 + 101100000010010110?
101100000010011011
In base 16, what is 25640 + 209?
25849
In base 6, what is 1242 + 251221?
252503
In base 3, what is 0 + 20200202011221?
20200202011221
In base 14, what is 39 + -5b3ca1?
-5b3c66
In base 12, what is -10a + -24a6a4?
-24a7b2
In base 13, what is 7bb620a + -1b?
7bb61bc
In base 4, what is -11102131 - -20330?
-11021201
In base 3, what is -12210000101100 - 10?
-12210000101110
In base 3, what is -21202012202 - 1222?
-21202021201
In base 8, what is 77 - 41424?
-41325
In base 3, what is 21002101222 - 12101?
21002012121
In base 15, what is -2353e85b + -3?
-2353e85e
In base 2, what is 0 + -10010011011010101110100101?
-10010011011010101110100101
In base 10, what is 1 + -3470215?
-3470214
In base 7, what is -4 + 2565404125?
2565404121
In base 3, what is 1121212001 + 10111?
1121222112
In base 4, what is -2032132001203 - -132?
-2032132001011
In base 15, what is -420625 - -3c?
-4205d8
In base 12, what is 1515 + -693?
a42
In base 8, what is -76 - -412631?
412533
In base 8, what is -110 - -11743?
11633
In base 14, what is 1b5c1 - -891?
1c072
In base 3, what is 221220111 - 21120?
221121221
In base 3, what is -111111101012210021 + -1?
-111111101012210022
In base 3, what is -20210222001101 + -12?
-20210222001120
In base 4, what is 2202 - -32200323?
32203131
In base 11, what is 77 - 2484749?
-2484682
In base 11, what is -199074883 + 2?
-199074881
In base 2, what is -1001101100101111100111 - -101110?
-1001101100101110111001
In base 3, what is 10002110101201 + 2?
10002110101210
In base 11, what is 25182 + 6102?
30284
In base 11, what is 160065376 + 6?
160065381
In base 5, what is 1303214144 - 23?
1303214121
In base 9, what is 10414563 - 23?
10414540
In base 12, what is a75a - 76?
a6a4
In base 15, what is -2 - 27121cc?
-27121ce
In base 8, what is 6 - 63434027?
-63434021
In base 15, what is 6 - -227779c?
22777a3
In base 5, what is 1123 + 410232434?
410234112
In base 4, what is 11 + -211000320233?
-211000320222
In base 6, what is -3553 + -33232?
-41225
In base 7, what is 4663624550 - 3?
4663624544
In base 9, what is 26444568 - 0?
26444568
In base 8, what is -1621 - 6420?
-10241
In base 16, what is -11523 - -dd?
-11446
In base 7, what is 35435612 + -12?
35435600
In base 2, what is 10